-3*m - 5*b + 29 = 0. What is the greatest common factor of m and 3?
3
Suppose 6*z - 4*z - 70 = -3*q, q = -z + 22. What is the highest common factor of q and 650?
26
Let x be -5 - -38*(-6)/(-12). What is the greatest common factor of x and 98?
14
Let b be (-27)/((-162)/1200) + 10. Calculate the greatest common divisor of 84 and b.
42
Suppose 5*a - 260 = -4*n, 5*n + 20 = n. Suppose 3*i - a = -i. Let r be (6/7)/(1/i). Calculate the highest common factor of 132 and r.
12
Suppose 0 = -4*l - 4, -4*l + 5 + 6 = 5*u. Suppose u*m - 19 = 104. Suppose -m + 116 = 5*r. What is the greatest common divisor of 6 and r?
3
Suppose -520*c + 6 = -523*c + 33. Let g be (0 - (2 - 5)) + 0. Let s = 0 + g. Calculate the highest common factor of s and c.
3
Suppose 3*z - 3 = 3*w - 33, 0 = 4*z. Let p(h) = 14*h**2 + 3*h. Let j be p(-2). Let t be j/(3/(3/2)). What is the greatest common divisor of t and w?
5
Suppose 0 = -l + 114 + 47. Suppose -l = -6*t - t. What is the highest common divisor of t and 1?
1
Let g = -67 + 77. Suppose 0 = -2*j - 2*k + 32, 0*j = -3*j + 2*k + 43. What is the highest common factor of j and g?
5
Let i = 104 - 102. Suppose -23 = i*a - 35. What is the highest common divisor of a and 102?
6
Suppose 4*t = -2 - 2. Let f be (t*5)/(2/(-4)). Let v(s) = -20*s - 358. Let l be v(-18). What is the greatest common divisor of l and f?
2
Suppose 4*t + 45 = t. Let i = t + 19. Suppose -4*p + 0*p + i*r + 140 = 0, 5*r - 155 = -5*p. Calculate the highest common factor of 3 and p.
3
Let m = -11 + 23. Let r(s) be the second derivative of 3*s**3/2 + 15*s**2/2 - 2*s. Let p be r(13). What is the greatest common factor of m and p?
12
Let z = 56 - 48. Let b(o) = 0*o + 4*o + 5*o - 9 - 2*o. Let c be b(7). What is the greatest common divisor of z and c?
8
Let f = 48 + -11. Let g = -35 + f. Suppose 5*z - 17 = -4*q, 4*z + 0 - 4 = -2*q. Calculate the greatest common factor of q and g.
2
Let n(c) = -c**2 + 12*c - 28. Let f be n(8). Suppose 3*j + 9 = 4*w, -f*j + 0*j + 26 = w. Calculate the highest common divisor of w and 6.
6
Let t = -1130 + 1142. What is the highest common divisor of 141 and t?
3
Let g = 22 - 10. Let f be (-15)/9*-1*g. Suppose 0 = -2*h + 6*h - 16. What is the highest common divisor of h and f?
4
Let y(h) = -34*h - 122. Let b be y(-12). What is the greatest common factor of 26 and b?
26
Let x = -741 - -1060. What is the greatest common factor of 11 and x?
11
Suppose -17*r + 155 = 53. What is the highest common divisor of 1 and r?
1
Suppose -6*j + 75 = -2*j + 5*i, -j = -4*i - 24. What is the highest common factor of 120 and j?
20
Suppose -5*k - 3 - 1 = -4*m, -3*m = -3*k - 6. What is the greatest common factor of m and 54?
6
Suppose -4396 = -4*u - 2*p, -2*u - 4*p + 2194 = -p. Calculate the greatest common factor of u and 44.
44
Suppose 6*s + 0*s = 24. Let j be ((-30)/s)/(7/(-70)). Calculate the highest common divisor of 50 and j.
25
Let w be (36/(-60))/((-2)/10). Suppose 0 = -3*c - w, 4*r + c + c = -10. Let p be (r - -2)/(-4) - -1. What is the highest common divisor of 3 and p?
1
Let r(m) = -m**3 + 10*m**2 - 16*m - 5. Let b be r(7). Suppose -3*l = -17 - 103. What is the greatest common factor of l and b?
10
Let g be (-10)/2*(-3)/15. Let p = g - -20. Suppose b + 0 = 21. What is the highest common divisor of p and b?
21
Let f = 36 - 34. Let r(x) = 2*x**3 - x**2 + 2*x + 2. Let a be r(f). Calculate the greatest common factor of a and 45.
9
Let o = 57 - 58. Let z be (0 + o - 0)*-34. Calculate the greatest common factor of 17 and z.
17
Let b(c) = c**2 + 2*c - 5. Let q = -35 - -30. Let i be b(q). What is the highest common factor of 80 and i?
10
Let h(c) = -c**2 + 14*c - 36. Let b be h(10). Calculate the greatest common divisor of 6 and b.
2
Suppose i = -f + 10 - 6, -26 = -4*f + i. Let r be (-4)/16 - 193/(-4). What is the highest common factor of f and r?
6
Let n(l) = -117*l**3 + 3*l**2 - l - 1. Let y be n(1). Let x = 112 - y. What is the greatest common factor of x and 38?
38
Suppose 0 = 2*l - 16 + 8, 0 = -4*j + 2*l + 1120. Calculate the highest common divisor of j and 3.
3
Let d = 76 - 70. Let p(k) = -k**2 + 8*k - 3. Let a be p(d). What is the highest common divisor of 9 and a?
9
Suppose 3*g = 21 - 6. Suppose 4*b + 75 = 3*f, -g*f = -5*b - 3*f - 85. Let l = -5 - b. Calculate the greatest common factor of 110 and l.
10
Let z = 66 - 63. Suppose -q - 5*u + 167 = -0*q, -z*q = -4*u - 444. What is the highest common divisor of 38 and q?
38
Suppose 2*v = 4, -v - 80 = i + 4*v. Let k = 150 + i. Let p(q) = -q**2 + 10*q - 9. Let z be p(6). What is the highest common factor of k and z?
15
Let q = 58 - 332. Let t = -36 - q. What is the highest common factor of 34 and t?
34
Suppose 0 = -29*a - 17*a + 9522. Let f be 2*1*(-138)/(-4). Suppose -w = 2*w - f. Calculate the greatest common factor of a and w.
23
Let y be (-90)/20*-2 - -75. Calculate the greatest common divisor of 567 and y.
21
Suppose 2071 = 9*u + 802. Let w = u - 138. What is the highest common divisor of w and 24?
3
Suppose 0 = -a - 3*a + 1576. Suppose -a = -5*p + 4*n + 416, -3*p - 4*n + 486 = 0. Let i = -74 + p. What is the greatest common divisor of 22 and i?
22
Suppose -4*z - 5*t = -9*z + 20, 3*t = -5*z + 4. Suppose 0 = z*m - 4*o - 381 + 21, -2*m + 3*o = -365. Calculate the highest common divisor of m and 38.
38
Let t(n) = -15*n + 31. Let c be t(-8). Let x = 65 + c. Calculate the greatest common divisor of x and 24.
24
Suppose 0 = -18*b + 22*b - 32. Let k be 6*3 + b/(8/3). Calculate the highest common divisor of k and 63.
21
Let o = -130 + 142. Let n(t) = 8*t**2. Let k be n(1). Let l = k + o. What is the greatest common factor of l and 180?
20
Let a be (-1)/(((-28)/8 + 2)/3). Let x be (-4)/14 + a/7 - -18. Calculate the greatest common factor of x and 9.
9
Let d = 23 - 12. Let y = d + 11. Let q(f) = -15*f - 2. Let v be q(-6). Calculate the greatest common divisor of v and y.
22
Suppose 5*h - 335 = 5*k, 6*h - 3*h - 207 = -3*k. Calculate the highest common factor of h and 102.
34
Let z be ((-21217)/(-28))/7 + 1/(-4). What is the highest common divisor of z and 27?
27
Let r be (220/25 - 8) + 122/10. Let u(l) be the third derivative of l**4/2 + 2*l**3/3 - l**2. Let y be u(4). Calculate the highest common divisor of r and y.
13
Let o be (-56861)/(-175) + 4/50. Calculate the highest common factor of o and 13.
13
Let q be (26 - 8) + -10 + -2. What is the highest common factor of 978 and q?
6
Let f(t) = -6*t**2 - 5*t - 10. Let w be f(-8). Let m = -169 - w. What is the greatest common divisor of m and 37?
37
Let h(j) = -j + 104. Let s be h(0). Suppose -4*i + 7*i + p = 83, 0 = -i + 3*p + 11. Calculate the greatest common factor of i and s.
26
Let v = 16 - 6. Let c be (20/18)/((-14)/(-630)). What is the greatest common divisor of v and c?
10
Let j = 773 + -507. Calculate the highest common divisor of 38 and j.
38
Let p be 2/(-56)*-8 + (-24)/(-14). Let t be -3 + -1*(-101 + p). Calculate the greatest common divisor of t and 6.
6
Suppose -4*l = 5*c - 147, -5*c + 5*l + 0*l = -120. Calculate the greatest common factor of 18 and c.
9
Let o(y) = -y + 5. Let h be o(-3). Let s(n) = n - 10. Let p be s(h). Let u be p - 0 - 184/(-2). What is the greatest common divisor of u and 10?
10
Let d = 204 - 44. What is the highest common divisor of 10 and d?
10
Suppose -w + 27 = -5. Let r = w + -15. Let f = r - -28. Calculate the greatest common divisor of 5 and f.
5
Let z be (-757)/(-3) - 4/12. Let m = 43 + -37. Suppose m*p = 218 - 50. What is the highest common divisor of z and p?
28
Let i = -258 + 288. Let u(x) = 1 - 6*x + 5 - 2 + 4*x. Let t be u(-3). What is the greatest common factor of t and i?
10
Let b(u) = -10*u + 15. Let k be b(3). Let r(v) = 2*v**2 + 28*v - 17. Let f be r(k). What is the highest common factor of 13 and f?
13
Suppose 5*l + 25 = 225. What is the greatest common divisor of l and 3160?
40
Let u be (4/6)/(-1) + 24/9. Suppose u*j - 178 = -2. What is the greatest common divisor of j and 8?
8
Let s(g) = -5*g + 28. Let d(z) = -z + 15. Let i(u) = 5*d(u) - 3*s(u). Suppose -o + 30 = 4*o. Let t be i(o). What is the greatest common factor of t and 17?
17
Suppose 5*p = 5*z + 30, -p = -4*z - z - 18. Suppose 0 = -p*u + 5*m + 8, -6*m + m + 3 = -2*u. What is the highest common factor of u and 11?
11
Let o(p) = 3*p**3 - p**2 + 1. Let s be o(-1).